= -4*n + 9 + 23. Let p = d - 4. What is the units digit of (5/2)/(1/p)?
5
Suppose 3*z + 22 = -2*i, 0*i - 29 = 4*z + 3*i. What is the units digit of (-21)/(-14)*z/(-3)?
4
Let x be 5*-1*(-24)/40. Suppose x*v + 100 = 5*v. What is the tens digit of v?
5
Suppose 2*g - 7*g = -70. Let v be 1 - g*(-6 - -2). Suppose -v + 17 = -5*p. What is the units digit of p?
8
Let l(m) = 2*m**2 - 2*m - 2. Let n be l(-5). Suppose n = 4*b - 2*d, 0 = 5*b + d - 89 + 13. Let h = -11 + b. What is the units digit of h?
4
What is the units digit of (-4)/(-8)*(-84)/(-3)?
4
Suppose -7*n = -4*n - 6. Suppose 0 = -4*j + n*j + 54. What is the units digit of j?
7
Let d(c) = c**3 + 2*c**2 - 5*c - 2. Let m = -1 + -2. Let p be d(m). Suppose 2*h - p = 10. What is the units digit of h?
7
Suppose -2*w - 4*z = -72, 2*z - 152 = -5*w - z. What is the units digit of w?
8
Let f(a) = 18*a - 11. What is the tens digit of f(5)?
7
Suppose -3*i = -0*i - 75. Suppose -13 = 3*l - i. What is the units digit of l?
4
Let b(m) = -m**2 + 4*m + 2. Let c be b(4). Suppose -c*y - 11 + 51 = 0. What is the tens digit of y?
2
Let r = -28 + 42. What is the units digit of r?
4
Suppose w - 2*d = 25, -d + 45 = -4*w + 131. What is the units digit of w?
1
Suppose -3*i + n + 0 = -93, -i - 2*n + 31 = 0. What is the tens digit of i?
3
What is the units digit of 23 - 6/(2 - 0)?
0
Let v(k) = k**3 + 9*k**2 + 8*k + 3. Let x be v(-8). Suppose -x*n + 2*n + 3 = 0. What is the tens digit of (-3)/n + (-2 - -19)?
1
Let s(p) = p**2 - 11*p + 33. What is the units digit of s(8)?
9
Suppose -3*n + 2 = -5*n. Let k be ((-6)/5)/(n/5). Suppose -k = 3*b, 4*i - 3*b = b + 12. What is the units digit of i?
1
Let w be (-3)/12 + 35/(-4). Let b = w - -29. What is the tens digit of b?
2
Let f = -66 - -93. What is the units digit of 129/f + (-4)/(-18)?
5
Let d = 16 - -209. What is the units digit of d?
5
Suppose -c = -3*i + 2*c - 24, 5*c = 4*i + 33. Let m = i - -9. What is the units digit of m?
2
Suppose -15 + 81 = 3*v. What is the tens digit of v?
2
Let g = -4 + 8. Suppose -f - 3*z = -8 - g, 3*f - 68 = -z. What is the units digit of f?
4
Let v(h) = -h - 1. Let c be v(-6). Suppose k = -2*r + 1, -2*r - 4*k + 1 = -9. Let x = c + r. What is the units digit of x?
4
What is the units digit of (-41 - 2)/((6/15)/(-2))?
5
Let k be 28/3 + (-4)/(-6). Suppose -k = m + m, -b + m + 7 = 0. Suppose -34 = b*q - 4*q. What is the tens digit of q?
1
Let g = -130 - -195. What is the tens digit of g?
6
Suppose 2*u + 46 + 194 = 5*q, 61 = q - 3*u. What is the units digit of q?
6
Suppose 5*c - m = -2*m + 11, 0 = c - 3*m + 1. Let a(d) = 3*d**3 + d**2 - d - 1. What is the units digit of a(c)?
5
Let v(x) = x**3 + 9*x**2 + 13*x + 9. Let z be v(-8). Let t = z - -47. What is the tens digit of t?
1
Let o(u) = 17*u**3 + 2 + u + 6*u**2 - 5*u**2 - 2*u - 2*u. What is the units digit of o(1)?
7
Let s = 85 - 49. What is the tens digit of s?
3
Suppose 5*b - 8 = -2*y, 2*b = b + 5*y + 7. Let i be -3 + 4 - (-4)/b. Suppose -5*a = -3*j + 19, 2*a + 4 = j - i. What is the units digit of j?
3
Let q(v) be the third derivative of 0*v**3 - 1/60*v**5 + 0 + 1/6*v**4 + 0*v - v**2. What is the units digit of q(3)?
3
Let r be (22*(-4)/8)/(-1). Suppose 0 = -k - 0*k - 4*i - r, -1 = 3*k + 4*i. What is the units digit of k?
5
What is the units digit of 2/(-3) - (-30)/18?
1
Suppose q - 53 = 4*w, 3*q + 6*w = 2*w + 79. What is the units digit of q?
3
Suppose t - 39 = -2*d, -t + 12 = -2*d + 61. What is the units digit of d?
2
Let n be 6*(-3)/6 - -5. Suppose 2*i + n*k + 0*k = 0, 18 = 4*i - 5*k. Suppose q = -2*b + 12, -1 = b - i. What is the units digit of q?
0
Suppose -5*x - 78 = -4*p + 93, -2*p + 83 = -3*x. What is the tens digit of p?
4
Suppose -o = -34 + 6. What is the tens digit of o?
2
Let o(s) = 12*s**2 + 2*s + 1. Let d be 2 + 0/3 - 3. What is the tens digit of o(d)?
1
Suppose 2*r = -0 + 6. Suppose -r*m - 2 - 7 = 0. Let p(t) = t**2 + 2*t - 1. What is the units digit of p(m)?
2
Suppose 0 = -l + 2*l - 2*t - 76, t - 162 = -2*l. What is the units digit of l?
0
Let g be 26/7 + 4/14. Suppose -2*c + g*h = -5*c - 2, -4*c + 6 = h. Suppose c*x + x = -5*i + 34, 0 = -5*x + i + 10. What is the units digit of x?
3
Suppose 0*w - 13 = -w - 3*u, 4 = -2*w + 4*u. Suppose 0 = -0*s + w*s - 68. What is the tens digit of s?
1
Suppose 33*d - 35*d = -62. What is the units digit of d?
1
Suppose -5*j - 10 = -0*j, -3*j = -3*z + 12. Suppose -3*t = z*x + 8, 3*x + 4 = t + 3. Let m = 11 - x. What is the units digit of m?
2
Suppose 4*o = -4*u - u + 36, o - 3*u = -8. Suppose -4*c + 2*d + 94 = 0, o*c - 2*c - 45 = -d. What is the tens digit of c?
2
Let m(f) be the second derivative of -f**5/20 - f**4/12 + f**3/2 + 4*f. What is the units digit of m(-3)?
9
Let l(k) = -85*k - 7. What is the tens digit of l(-2)?
6
Let h = 0 + 0. Suppose 7*q = 2*q + g + 24, h = -3*q + 4*g + 28. What is the units digit of q?
4
What is the units digit of (-3)/6*-2*66?
6
Let h be (4 - -2)*(-4)/6. What is the units digit of h + -3 + 11 + -1?
3
Suppose -2*q = -22 - 24. What is the units digit of q?
3
Let o(h) = -h**3 - 7*h**2 - 5*h + 7. Let n be o(-6). Let t = -13 - 11. What is the units digit of (t/18)/(n/(-9))?
2
Let a(l) = 6*l**2 + 13*l - 2. What is the units digit of a(-7)?
1
Suppose s + 4 = -0*u + 2*u, 0 = 4*s. Suppose -u = -2*x + y - 1, 1 = -4*x + 3*y. Suppose x*z + z - 33 = 0. What is the tens digit of z?
1
Suppose 5*m = 2*m + 81. Suppose -4*r + 2*r = 2, -3*r = -2*w + m. What is the tens digit of w?
1
Suppose 26*b - 20*b - 930 = 0. What is the tens digit of b?
5
What is the units digit of (-1)/(-1)*(-40)/(-5)?
8
Let g(p) = 11*p**2 - 1. Let c be g(-1). Let q = -5 + c. Suppose t = -i + 6, -2*t - 25 = -q*i - 6*t. What is the units digit of i?
1
Let r be (6/4)/(3/4). Suppose -3*u - u - r*a + 38 = 0, -2*u = -2*a - 4. Suppose -4*g + u = p - 48, -5*p - 40 = -g. What is the units digit of g?
5
Suppose -l + 5*x = -21, 4*l + 2*x - 61 = -x. What is the tens digit of l?
1
Let q(b) be the first derivative of -b**2/2 - 2*b - 1. Suppose 4*l + 8 = 0, 2*i - 5*l - 40 = 7*i. What is the units digit of q(i)?
4
Let n(m) = -m**3 - 4*m**2 + m - 3. Let c(s) = s**3 + 9*s**2 + 8*s - 10. Let p be c(-8). Let d be p*(-1 + (-9)/(-6)). What is the tens digit of n(d)?
1
Suppose -o - 5*k + 8 = 0, -4*k - 4 = 8. What is the tens digit of o?
2
Let s = -88 + 123. What is the units digit of s?
5
Let x(d) = -d**2 + 12*d - 12. Let k be (-18 - (-1 - -1))/(-2). What is the units digit of x(k)?
5
Let n be (5 + -1)*(-87)/(-6). Let t(j) = j**2 - 2*j - 5. Let f be t(4). Suppose n = f*k + 4. What is the units digit of k?
8
Let s(u) = u**3 + 6*u**2 + 6*u + 4. Let b(j) = -j**2 - j - 1. Let k(q) = -3*b(q) - s(q). Let t be (-2)/(-4)*(-12)/3. What is the units digit of k(t)?
1
What is the hundreds digit of 0 - -6 - -129 - 2*1?
1
Suppose 0 = -14*w + 10*w + 128. What is the units digit of w?
2
Suppose -5*z = 2*j - 315, 624 = 4*j + 8*z - 4*z. What is the hundreds digit of j?
1
Let u(q) = -q - 5. What is the units digit of u(-12)?
7
Let l(i) = -i**3 + 40. Let g be l(0). Let k be (2 - 3)*-1*g. Suppose -2*c - k = -7*c. What is the units digit of c?
8
Let k(f) = 2*f**2 - 3*f - 3. What is the units digit of k(4)?
7
Suppose 0 = 4*i - 0*i - 120. Suppose -i = -7*r + 2*r. Let u(d) = -d + 7. What is the units digit of u(r)?
1
Suppose -6 = -5*v + 14. Suppose r - 4*j = 2, -v*r - j = 2*j - 65. What is the units digit of r?
4
Suppose -21 = -5*d + 14. Let l(i) = i - 3. Let k be l(d). Suppose 0*n + 40 = k*s - 3*n, -16 = 4*n. What is the units digit of s?
7
Suppose -4*b + 230 = y, -2*b + y + 112 = 3*y. What is the units digit of b?
8
Let d(p) = p - 8. Let f(j) = -5*j + 32. Let v(k) = -9*d(k) - 2*f(k). Suppose -4*t + 8 = 32. What is the units digit of v(t)?
2
Suppose -q + 22 + 11 = 0. What is the tens digit of q?
3
Suppose 3*o = 17 + 103. Suppose -6*p + o = -2*p + 3*i, -4*p = 4*i - 44. What is the units digit of p?
7
What is the units digit of (4 + -1)/((-6)/(-112))?
6
Let g(t) = -t - 3. Let r(l) = l**3 + 2*l**2 - 1. Let i be r(-1). Let v be g(i). Let x = -2 - v. What is the units digit of x?
1
Suppose -63*h + 62*h + 51 = 0. What is the tens digit of h?
5
Let g be 3/(4 - 52/16). Let q(r) = 2*r**2 - 6*r + 4. What is the units digit of q(g)?
2
Let n = 153 - 78. Suppose 2*u - n = 1. What is the units digit of u?
8
Let p(f) = -f